b**2 - 11*b + 19. Calculate t(f).
-7
Let m(t) = -6*t + 15*t - 10*t + 22. Let v be m(11). Suppose -12*c + 1 = -v*c. Let p(y) = y**2 + y - 1. What is p(c)?
1
Let q(l) be the second derivative of l**5/15 - l**3/6 - 17*l**2 + 34*l. Let w(u) be the first derivative of q(u). Determine w(1).
3
Let r = -14 - -10. Let o be (-2)/(r + -2 + 4). Let a(s) = 2 - 2*s + s**2 + 1 + 0 + o. What is a(3)?
7
Let d(c) = -c**3 + 7*c**2 - 4*c - 7. Suppose 5*t = t + x + 66, 0 = -3*x + 6. Let m = t + -6. Let r be (-2)/m + 476/77. Give d(r).
5
Suppose f + 9 = -d, 13*f = 18*f - 20. Let s(z) = -z**2 - 13*z + 2. What is s(d)?
2
Let w(s) = -s + 4. Let v(t) = 3*t - 8. Let p(j) = -2*v(j) - 5*w(j). Give p(6).
-10
Let h(b) be the first derivative of -b**3/3 + 5*b**2/2 - 5*b - 154. Calculate h(4).
-1
Let a = -15 - -37. Let t(f) = -2*f - 13 + 2*f**2 - 15 - f**2 + a. Calculate t(6).
18
Let r be 26/7 - (-8)/28. Suppose i + 2*k + 13 = 0, -r*i - k - 22 = k. Let b(s) = s**2 + 5*s - 6. Let m(n) = -1. Let w(d) = b(d) - 5*m(d). Calculate w(i).
-7
Let t = -9 - -5. Let p(z) = -z**2 - 10*z - 11. Let r(f) = -2*f**2 - 21*f - 24. Let y(h) = -7*p(h) + 3*r(h). Determine y(t).
-7
Let f(p) = -2*p + 4. Suppose -c + 1 = -3*t + t, 0 = c - t - 1. Let r be c/3 - (-1)/(-3)*-14. Calculate f(r).
-6
Let f(p) be the second derivative of -p**5/20 - 11*p**4/12 + 13*p**3/6 - p**2 + 13*p - 1. Give f(-12).
-14
Suppose 16 = 3*m + 5*s, 3*s - 4*s + 20 = 3*m. Let r(x) = m + 18*x - 19*x - 1. Give r(6).
0
Let o(n) = 13*n**2 - 28*n - 4. Let u(w) = 7*w**2 - 15*w - 3. Let t(v) = -6*o(v) + 11*u(v). What is t(5)?
-19
Suppose 19 = 4*c - 9. Let l = c - 3. Let k(z) = z**2 - 5*z**2 + 3*z**2 - l. Give k(0).
-4
Let x(k) = -1 - 33*k**2 + 51*k**2 - 3*k**2. Calculate x(-2).
59
Let v(n) = n**2 + n - 1. Suppose 5*z - 11 = -h, 0*z + 4 = 2*z. Let b(f) = -2*f**2 - 5*f + 2. Let q(c) = h*b(c) + v(c). Determine q(-3).
4
Let v(f) = 4*f - 7. Let a(l) = l**2 - 7*l - 76. Let u be a(13). Give v(u).
1
Let u(f) = 3*f - 4. Let v be u(3). Suppose -a + 8 = 2*m - 0, -v*m = 4*a - 20. Let s(c) = -3 - 6 - 2*c + c**2 + 5. Calculate s(m).
4
Let s(t) be the third derivative of t**6/30 - t**5/30 - t**4/8 - t**3/3 + 34*t**2. Let l be s(-1). Let q(n) = 3*n - 7 - 1 + 1 - n**3 - 4*n**2. Determine q(l).
3
Let y(t) = 3*t - 1. Let c be 390/27 + (-12)/27. Let n(g) = -g**3 + 15*g**2 - 12*g - 31. Let u be n(c). What is y(u)?
-10
Let q(h) = 6*h**2 + 0*h**3 + 4 - h**3 - 40*h + 37*h. Determine q(3).
22
Suppose 2*m + 3*u + 20 = 0, -5*m + 3*u = -2*u + 25. Let k be 2*6/(-16) - 5/4. Let x = m - k. Let f(s) = -s**3 - 6*s**2 - 4*s + 2. Determine f(x).
-3
Let x be 56/(-35) + 4/(-10). Let k(t) = -2*t - t + 923 - 922. Determine k(x).
7
Let r(w) = w - 6. Let s(t) = 5*t**3 - 17*t**2 + 7*t - 17. Let c(n) = -3*n**3 + 8*n**2 - 4*n + 9. Let q(j) = -7*c(j) - 4*s(j). Let i be q(-12). Determine r(i).
-1
Let m = -12 - -32. Suppose o + 4*h - 4 = 0, -7*o + 2*o = -2*h - m. Let n(l) = -1 - 5*l + o*l - 2*l + l. Determine n(-1).
1
Let y(x) be the second derivative of -5/2*x**2 - 1/8*x**4 + 1/3*x**3 + 0 + 7*x - 1/30*x**5. Let c(o) be the first derivative of y(o). What is c(-3)?
-7
Let z be 4*(-3 + 34/8). Suppose -z*y = -6*y. Suppose y = i + i - 6. Let m(p) = -2*p**2 + 3*p. What is m(i)?
-9
Let p(a) = a**2 - 2*a + 2. Let t(z) = -z**3 + 5*z**2 + 12*z - 34. Let u be t(6). Give p(u).
2
Let m(o) = 5*o - 8*o + 5*o - 4 - 1 - 3. Give m(0).
-8
Let v(s) be the second derivative of 8*s**3/3 + s**2 + s + 18. Calculate v(-1).
-14
Suppose 3*c + 24 = -k, c - 4*k - 2 = 3. Let m(b) = -28*b - 22. Let l(s) = -13*s - 11. Let a(q) = 13*l(q) - 6*m(q). Calculate a(c).
-4
Let k be 5 - (1/((-8)/(-40)) + (-8)/2). Let v(u) = u**3 - 2*u**3 + u**2 + 3*u + 2*u**2. Calculate v(k).
-4
Let w(t) = 5*t - 5. Let a = -2351 + 2353. What is w(a)?
5
Suppose 16*i - 68 = -i. Suppose -i = -3*k - 1. Let j(a) = -20*a**3 - a**2 + 2*a - 1. Give j(k).
-20
Let n(f) = f**3 - 6*f**2 + 5*f + 2. Let p = -1 - -10. Suppose 25 = 14*v - p*v. Calculate n(v).
2
Let o(s) = 3*s + 6. Let r be -5 + 3 + 4/4 + -4. Give o(r).
-9
Let i(d) = -d**2 - 2*d - 5. Let p(r) = -2*r**2 - r - 10. Let q(c) = -7*i(c) + 4*p(c). What is q(6)?
19
Let k = -4 - -12. Let n(r) = k*r + 3*r**3 + 3*r**2 - 6*r + 1 - 2*r**3. Calculate n(-2).
1
Let w(d) = -20*d - 12. Let i(s) = 9*s + 1. Let t(h) = 2*i(h) + w(h). Let j = 5 + -13. Determine t(j).
6
Let z(m) = 8*m**2 + m. Let i(v) = -2*v + 13. Let g(f) = 3*f**2 + f - 7. Let w be g(2). Let x be i(w). What is z(x)?
7
Let w = -2 + 5. Let y(v) = 6*v**2 - 4*v + 3*v**2 + w*v. Suppose 4*t - 295 = -291. Calculate y(t).
8
Let s(f) be the third derivative of f**5/60 - 3*f**4/8 - 11*f**3/3 + 22*f**2 - 2. Determine s(11).
0
Let o = 171 - 162. Let r(c) = -2*c + 16. Let v(s) = s - 8. Let m(b) = -4*r(b) - 7*v(b). Determine m(o).
1
Let a(n) = -2*n + 6. Let j(x) = 1. Let y(z) = a(z) - 5*j(z). Calculate y(5).
-9
Let c(k) = k**3 - 5*k**2 + 2*k + 7. Let u(g) = 2*g**3 - 10*g**2 + 13. Let y(x) = -5*c(x) + 3*u(x). What is y(7)?
32
Let r(m) = -m - 1. Let w(a) = a + 1. Let q(y) = -3*r(y) - 4*w(y). Calculate q(-1).
0
Let v(p) be the second derivative of 5*p**3/6 + p**2 + 99*p. Give v(-2).
-8
Let i be 2/((-3)/(6/2)). Let d be (-7)/(3/3) - i. Let p(f) be the second derivative of f**5/20 + f**4/2 + 7*f**3/6 - f**2/2 - 7*f. Calculate p(d).
-11
Suppose 2*s - 26 = 2*k + 2*k, 5*s + k = 10. Suppose -s*b + 5*g = 20 + 5, 4*g = 5*b + 20. Let v(r) = -2 + 0*r + 6*r + r**3 + 6*r**2 + b. Determine v(-5).
-7
Let b(z) = -z**3 - 10*z**2 - 8*z + 9. Suppose 22*d - 9 = 23*d. Give b(d).
0
Suppose -49*d - 15 = -54*d. Let n be 6/d - (1 + -4). Let w(y) = 3*y + 4. What is w(n)?
19
Suppose 5*n = 2*c + 1 + 1, -3*c - 5*n + 22 = 0. Let k(w) = 2*w**2 - 5*w + 4. Calculate k(c).
16
Let f(y) = 3*y - 1. Let m(i) = -23*i + 5. Let b(c) = 4*f(c) + m(c). Give b(2).
-21
Let i(k) = -k**3 + k + 1. Let a(c) = -2*c + 3. Let z be a(7). Suppose 27*q - 28*q + 13 = 0. Let h = q + z. Determine i(h).
-5
Let b(s) = 8*s - 21. Let j(r) = -21*r + 61. Let m(l) = 11*b(l) + 4*j(l). Determine m(-8).
-19
Let t(o) = o**3 + 2*o**2 - 5*o + 3. Let h be t(-4). Let u = -6 - h. Let w(i) = -15*i + 32*i - 15*i - 2 + 0. Give w(u).
4
Let w be (0 - 4/3)*81/27. Let m(o) = -o + 1. Give m(w).
5
Let y(o) = 2*o**2 + 4*o + 3. Let z be y(-2). Let h be (-15 + 24)/((-3)/2). Let d be h + 6 - -1*z. Let f(b) = b**3 - 3*b**2 + b + 2. What is f(d)?
5
Let x(j) = -j - 2. Let y be (-32)/(-6) - ((-2)/1)/(-6). Suppose -6*i + 19 = -y. What is x(i)?
-6
Let y(d) be the first derivative of d**7/840 + d**6/60 + d**5/20 + d**4/24 - 11*d**3/3 - 11. Let v(l) be the third derivative of y(l). What is v(-4)?
9
Let l(x) be the second derivative of -x**4/12 + x**3 - 3*x**2 - 402*x. Calculate l(8).
-22
Let f(y) be the first derivative of 7/180*y**6 + 0*y**5 + 0*y + 3 - 11/3*y**3 - 1/24*y**4 + 0*y**2. Let k(v) be the third derivative of f(v). Determine k(-1).
13
Let b(k) = -k**2 - k - 8. Let c(q) be the third derivative of -q**5/60 + q**3/6 - 10*q**2. Let f be c(-1). Determine b(f).
-8
Let f = -3069 - -3067. Let h(n) = -2 - 3*n + 5*n + 0*n. Give h(f).
-6
Let z(s) = 18*s**2 + s + 1. Suppose -5*a - 1 - 22 = -2*k, -a - 3 = -2*k. Give z(k).
18
Let n = 48 + -43. Suppose 3*j + p = -6, -j + 3*p - 7 = n. Let d(t) = t**2 + t + 4. What is d(j)?
10
Let u(h) = 4*h + 3. Let o(n) = n**2 - 5*n - 14. Let m be o(7). What is u(m)?
3
Suppose -3 = 3*m - 12. Let p be 2/3 + (-17)/m. Let l(w) = -4 - 2*w + 129*w**2 - 253*w**2 + 123*w**2 - 3*w. What is l(p)?
-4
Let s(y) = 47*y + 109. Let q be s(-2). Let f(p) = 2*p - 19. Calculate f(q).
11
Let m(y) = y**3 - 11*y**2 + 3*y - 14. Let x = 17 + -6. Let u be m(x). Suppose 4 = 2*a, -a + u = 3*w + 2. Let p(v) = -v + 1. What is p(w)?
-4
Let y(z) = -2*z**2 + 5*z + 3*z**2 + 17 + 6*z - 20*z. Determine y(6).
-1
Let p(w) be the first derivative of 3*w + 2*w**2 + 1/4*w**4 + 4/3*w**3 - 5. Let a be p(-3). Let f(x) = x - 6. What is f(a)?
-6
Let i(q) = -q**2 + 7*q - 7. Suppose 3*l - 2 - 13 = -s, 0 = 5*l + 5*s - 25. Let w be i(l). Let b(d) = d + 2. Determine b(w).
5
Let u(w) = -w**3 - 5*w**2 - 2*w - 7. Let z(d) = -d**2 - 12*d - 25. Let c be z(-10). Determine u(c).
3
Let l = -181 - -182. Let f(n) = 16*n - 2. What is f(l)?
14
Let r = 15 - 18. Let n = r - -8. Suppose -3*q = -n*q + 12. Let f(p) = p**3 - 5*p**2 - 5*p - 8. Determine f(q).
-2
Let f(o) = o + 8. Suppo